2655?
281
What is the highest common factor of 72 and 565248?
24
Calculate the highest common divisor of 55463 and 37.
37
What is the highest common factor of 5805 and 24435?
135
Calculate the highest common factor of 34 and 1057587.
17
What is the highest common factor of 333555 and 1110?
555
Calculate the greatest common divisor of 453 and 1453375.
151
What is the highest common factor of 6 and 61143?
3
What is the greatest common factor of 133 and 25897?
19
Calculate the highest common factor of 25898 and 5067.
563
Calculate the greatest common divisor of 53075 and 1930.
965
What is the highest common factor of 5616 and 637?
13
What is the highest common factor of 104188 and 56?
28
What is the highest common factor of 7130 and 138?
46
Calculate the highest common factor of 1192800 and 7350.
1050
What is the highest common factor of 42582 and 302?
302
Calculate the highest common divisor of 144238 and 82.
82
What is the greatest common factor of 1765153 and 130?
13
What is the highest common factor of 150895 and 31415?
515
What is the highest common divisor of 888 and 7548?
444
Calculate the greatest common divisor of 812 and 1127.
7
What is the highest common factor of 590436 and 308?
308
What is the greatest common factor of 220 and 551804?
44
What is the highest common divisor of 5824 and 3926?
26
Calculate the highest common divisor of 5618 and 548.
2
Calculate the highest common factor of 1146904 and 176.
88
Calculate the highest common factor of 789 and 1023333.
789
What is the highest common factor of 217 and 160146?
217
What is the greatest common factor of 53680 and 836?
44
Calculate the greatest common divisor of 360745 and 33.
11
What is the highest common factor of 51 and 224485?
17
Calculate the highest common factor of 1872341 and 497.
71
Calculate the greatest common divisor of 20995 and 855.
95
Calculate the highest common divisor of 581 and 24319.
83
What is the greatest common factor of 882 and 25074?
126
What is the greatest common divisor of 200 and 20925?
25
Calculate the greatest common divisor of 48 and 1954380.
12
What is the highest common factor of 148 and 544?
4
Calculate the highest common factor of 3762 and 217569.
627
Calculate the highest common divisor of 12 and 597684.
12
What is the highest common factor of 1482615 and 564?
141
Calculate the greatest common factor of 128 and 155904.
128
What is the highest common factor of 16640 and 1013760?
1280
What is the greatest common divisor of 2800 and 4774?
14
Calculate the greatest common factor of 90 and 335290.
10
What is the greatest common factor of 3876 and 199956?
228
What is the greatest common factor of 263 and 461039?
263
What is the highest common divisor of 378 and 8106?
42
What is the highest common factor of 12 and 832752?
12
Calculate the greatest common factor of 357 and 970445.
119
Calculate the highest common factor of 16 and 708272.
16
Calculate the highest common factor of 539 and 2111263.
539
What is the highest common divisor of 28 and 34174?
14
Calculate the greatest common divisor of 3260 and 74520.
20
Calculate the highest common divisor of 20646 and 124.
62
What is the greatest common divisor of 14782 and 8398?
38
What is the highest common factor of 1594353 and 537?
537
Calculate the greatest common factor of 1053 and 13611.
39
What is the greatest common factor of 3113 and 9130?
11
Calculate the greatest common factor of 98051 and 71.
71
Calculate the greatest common divisor of 595994 and 21.
7
What is the greatest common factor of 21030 and 290?
10
Calculate the greatest common factor of 3505716 and 36.
36
Calculate the greatest common divisor of 4 and 613005.
1
What is the highest common divisor of 12694 and 418?
22
Calculate the greatest common factor of 2079 and 3645.
27
What is the greatest common factor of 65 and 7635?
5
Calculate the greatest common factor of 635180 and 15925.
455
Calculate the greatest common divisor of 642 and 1158.
6
What is the highest common divisor of 603767 and 179?
179
Calculate the highest common factor of 405 and 89010.
45
Calculate the greatest common divisor of 1219 and 3238883.
1219
What is the highest common divisor of 17255 and 511?
7
What is the greatest common divisor of 39720 and 240?
120
What is the highest common divisor of 9880 and 676?
52
Calculate the greatest common factor of 23 and 134136.
23
What is the greatest common divisor of 125 and 7725?
25
What is the highest common divisor of 35415 and 360?
45
What is the greatest common divisor of 9353 and 29?
1
Calculate the highest common factor of 64 and 6464.
64
What is the greatest common divisor of 6696 and 13104?
72
Calculate the highest common divisor of 612 and 552.
12
Calculate the greatest common factor of 2280 and 345705.
285
What is the greatest common factor of 108 and 2211111?
27
What is the greatest common divisor of 6472 and 72?
8
Calculate the highest common divisor of 1033 and 2290161.
1033
Calculate the greatest common divisor of 63 and 97104.
21
What is the highest common factor of 132128 and 320?
32
What is the greatest common factor of 44 and 9863062?
22
Calculate the highest common divisor of 192998 and 10816.
338
Calculate the highest common divisor of 28 and 115892.
28
Calculate the greatest common factor of 320 and 4976.
16
What is the greatest common factor of 494 and 2014?
38
Calculate the highest common divisor of 20 and 216010.
10
What is the highest common divisor of 48892 and 1088?
68
Calculate the greatest common factor of 38 and 19627.
19
Calculate the greatest common factor of 1960 and 9680.
40
Calculate the highest common divisor of 73878 and 924.
42
What is the highest common divisor of 3115 and 2975?
35
Calculate the greatest common divisor of 132 and 184558.
22
What is the greatest common factor of 4539 and 969?
51
What is the highest common factor of 24673 and 99?
11
Calculate the greatest common factor of 98790 and 69930.
1110
Calculate the greatest common factor of 20 and 24620.
20
What is the greatest common factor of 317456 and 64?
16
Calculate the highest common divisor of 118 and 7906.
118
Calculate the greatest common divisor of 150815 and 35.
35
Calculate the greatest common factor of 46 and 88826.
46
Calculate the highest common factor of 1647 and 183.
183
What is the highest common divisor of 504 and 4221?
63
Calculate the highest common divisor of 478519 and 4379.
151
Calculate the highest common factor of 680545 and 655.
655
Calculate the greatest common divisor of 3456 and 45054.
18
What is the highest common divisor of 1898 and 26?
26
Calculate the greatest common factor of 26 and 1448109.
13
Calculate the highest common factor of 25 and 205065.
5
Calculate the greatest common factor of 36059 and 2696.
337
Calculate the highest common factor of 323 and 825512.
19
What is the greatest common factor of 5 and 1712775?
5
Calculate the highest common divisor of 52040 and 76759.
1301
What is the greatest common factor of 87 and 1331129?
29
Calculate the highest common divisor of 75366 and 2054.
158
Calculate the highest common factor of 19112 and 200.
8
What is the highest common divisor of 226044 and 40068?
756
Calculate the highest common factor of 6910 and 4780.
10
What is the highest common factor of 208 and 15366?
26
Calculate the greatest common divisor of 781 and 82573.
71
Calculate the greatest common factor of 146 and 1412.
2
What is the highest common divisor of 8987 and 194161?
209
Calculate the greatest common divisor of 759094 and 16520.
826
What is the highest common divisor of 412 and 927?
103
Calculate the highest common divisor of 2610 and 3250.
10
Calculate the greatest common factor of 8840 and 362570.
130
What is the highest common divisor of 568 and 52?
4
What is the greatest common factor of 2865 and 4160935?
955
What is the greatest common factor of 165109 and 916?
229
Calculate the greatest common divisor of 1260 and 80460.
180
What is the highest common divisor of 124 and 15628?
4
What is the highest common divisor of 264 and 10648?
88
What is the highest common factor of 2970630 and 390?
390
What is the highest common divisor of 4 and 3215?
1
Calculate the greatest common factor of 23 and 1219299.
23
What is the greatest common factor of 240 and 205584?
48
Calculate th